
12
What is the highest common factor of 20 and 45?
5
What is the highest common factor of 35009 and 13?
13
What is the highest common divisor of 26376 and 224?
56
What is the greatest common factor of 903 and 21?
21
What is the greatest common factor of 4 and 5836?
4
What is the greatest common divisor of 187 and 451?
11
Calculate the highest common divisor of 9 and 144.
9
What is the highest common divisor of 41 and 20623?
41
Calculate the greatest common factor of 540 and 580.
20
What is the highest common divisor of 35 and 225?
5
What is the greatest common divisor of 90 and 5355?
45
What is the highest common factor of 228 and 12?
12
What is the highest common divisor of 12 and 2004?
12
Calculate the greatest common divisor of 273 and 39.
39
What is the greatest common divisor of 4407 and 117?
39
What is the highest common factor of 2616 and 72?
24
Calculate the greatest common factor of 8 and 216.
8
What is the greatest common divisor of 25926 and 174?
174
Calculate the highest common factor of 68 and 748.
68
Calculate the highest common factor of 18 and 186.
6
What is the greatest common divisor of 6222 and 122?
122
What is the highest common divisor of 9396 and 12?
12
What is the highest common factor of 119 and 13753?
17
What is the greatest common factor of 38568 and 24?
24
What is the greatest common divisor of 2262 and 957?
87
What is the highest common factor of 781 and 923?
71
What is the greatest common divisor of 48 and 1128?
24
What is the highest common factor of 44 and 49522?
22
What is the highest common factor of 76 and 1235?
19
Calculate the greatest common factor of 67 and 134.
67
Calculate the highest common factor of 128 and 416.
32
Calculate the greatest common factor of 21 and 168.
21
What is the greatest common factor of 66 and 75?
3
Calculate the highest common factor of 5548 and 608.
76
Calculate the greatest common factor of 651 and 93.
93
Calculate the highest common factor of 36 and 6306.
6
Calculate the highest common divisor of 189 and 84.
21
What is the greatest common factor of 13 and 4667?
13
What is the greatest common divisor of 134 and 5896?
134
What is the greatest common divisor of 84 and 5901?
21
What is the highest common divisor of 52 and 130?
26
What is the highest common divisor of 135 and 15?
15
Calculate the greatest common divisor of 78 and 273.
39
Calculate the highest common factor of 68 and 17.
17
Calculate the greatest common divisor of 3006 and 18.
18
Calculate the greatest common divisor of 156 and 204.
12
What is the greatest common factor of 305 and 5?
5
What is the greatest common factor of 6 and 64?
2
What is the greatest common factor of 7277 and 19?
19
Calculate the greatest common divisor of 77 and 15136.
11
What is the greatest common divisor of 135 and 22815?
135
Calculate the greatest common divisor of 5796 and 21.
21
What is the greatest common divisor of 65 and 20?
5
What is the greatest common factor of 65 and 26?
13
Calculate the greatest common factor of 51660 and 18.
18
What is the greatest common divisor of 7777 and 77?
77
What is the greatest common factor of 429 and 99?
33
Calculate the greatest common factor of 689 and 53.
53
Calculate the greatest common factor of 1005 and 15.
15
Calculate the highest common divisor of 352 and 224.
32
What is the highest common factor of 14500 and 2750?
250
What is the highest common factor of 200 and 64?
8
What is the highest common divisor of 52 and 4?
4
Calculate the greatest common factor of 86 and 3139.
43
Calculate the highest common factor of 2484 and 69.
69
Calculate the greatest common divisor of 4 and 22.
2
What is the highest common divisor of 55 and 5665?
55
Calculate the greatest common factor of 30 and 105.
15
Calculate the greatest common factor of 1421 and 29.
29
Calculate the highest common divisor of 6403 and 304.
19
Calculate the highest common factor of 45 and 655.
5
What is the greatest common factor of 198 and 234?
18
What is the highest common factor of 2545 and 10?
5
What is the greatest common factor of 40 and 24280?
40
Calculate the highest common factor of 21128 and 608.
152
What is the highest common factor of 58 and 98?
2
Calculate the greatest common factor of 7 and 3647.
7
Calculate the greatest common factor of 158 and 4898.
158
What is the greatest common factor of 19 and 209?
19
Calculate the greatest common factor of 2156 and 182.
14
Calculate the highest common factor of 70 and 546.
14
Calculate the highest common factor of 1515 and 3636.
303
What is the highest common factor of 1 and 53?
1
Calculate the highest common factor of 162 and 1134.
162
Calculate the greatest common divisor of 33 and 2013.
33
What is the highest common divisor of 40 and 1000?
40
What is the greatest common factor of 584 and 8?
8
Calculate the highest common factor of 2464 and 22.
22
Calculate the highest common factor of 16 and 2412.
4
What is the greatest common divisor of 18074 and 14?
14
Calculate the highest common divisor of 138 and 6762.
138
Calculate the highest common divisor of 14 and 2282.
14
Calculate the highest common divisor of 904 and 113.
113
What is the greatest common divisor of 201 and 16281?
201
Calculate the greatest common factor of 3294 and 54.
54
What is the highest common divisor of 25 and 810?
5
Calculate the greatest common factor of 12969 and 11.
11
Calculate the highest common factor of 86 and 1978.
86
Calculate the greatest common divisor of 54 and 216.
54
What is the greatest common divisor of 64 and 848?
16
What is the highest common factor of 74 and 666?
74
What is the highest common divisor of 10 and 205?
5
Calculate the highest common divisor of 136 and 21930.
34
Calculate the highest common divisor of 3 and 1641.
3
What is the highest common divisor of 33 and 6457?
11
Calculate the greatest common divisor of 189 and 693.
63
What is the greatest common factor of 88 and 968?
88
What is the highest common factor of 140 and 8?
4
Calculate the greatest common factor of 34 and 1598.
34
Calculate the highest common factor of 31 and 403.
31
What is the highest common divisor of 144 and 1737?
9
What is the greatest common factor of 4379 and 116?
29
What is the greatest common factor of 46 and 115?
23
What is the highest common divisor of 40 and 27?
1
Calculate the highest common factor of 4 and 7786.
2
Calculate the highest common factor of 12382 and 41.
41
What is the highest common factor of 657 and 4453?
73
What is the greatest common factor of 27 and 36?
9
What is the highest common divisor of 104 and 16?
8
Calculate the greatest common factor of 9252 and 12.
12
Calculate the highest common divisor of 16 and 10.
2
Calculate the greatest common divisor of 10 and 10690.
10
Calculate the highest common divisor of 500 and 2050.
50
Calculate the greatest common factor of 1015 and 91.
7
What is the greatest common divisor of 192 and 672?
96
What is the greatest common divisor of 112 and 12?
4
What is the greatest common factor of 52 and 100?
4
What is the highest common factor of 3993 and 132?
33
What is the highest common factor of 51 and 12?
3
What is the greatest common factor of 884 and 104?
52
What is the greatest common factor of 35 and 20?
5
Calculate the highest common factor of 7956 and 51.
51
Calculate the highest common factor of 66 and 13101.
33
Calculate the greatest common divisor of 6 and 114.
6
Calculate the greatest common divisor of 33 and 44.
11
What is the highest common factor of 114 and 2717?
19
What is the highest common factor of 70 and 28?
14
What is the greatest common factor of 464 and 64?
16
Calculate the highest common divisor of 276 and 60.
12
What is the greatest common divisor of 1120 and 180?
20
What is the greatest common factor of 652 and 4?
4
What is the greatest common factor of 364 and 273?
91
Calculate the highest common factor of 120 and 1005.
15
Calculate the greatest common factor of 14 and 70.
14
What is the highest common factor of 256 and 32?
32
Calculate the greatest common factor of 198 and 2112.
66
What is the greatest common factor of 27 and 702?
27
Calculate the greatest common factor of 450 and 100.
50
What is the greatest common factor of 84 and 1500?
12
Calculate the greatest common factor of 3 and 993.
3
Calculate the highest common diviso